27).
-11
Let x(p) = p**2 + 39*p + 113. What is x(-36)?
5
Let n(y) = 88*y + 563. Give n(-7).
-53
Let l(g) = g**3 + 28*g**2 + 26*g + 6. What is l(-27)?
33
Let g(j) = -j**3 + 9*j**2 - 17*j + 2. Determine g(6).
8
Let v(q) = 21*q - 252. Determine v(11).
-21
Let p(v) = -113*v**3 - 3*v**2 - 68*v - 66. Determine p(-1).
112
Let y(o) = -4*o**2 - 12*o + 252. Calculate y(12).
-468
Let s(j) = 377*j - 56549. Give s(150).
1
Let d(x) = -2*x**2 + 5*x - 14. Give d(0).
-14
Let t(y) = y**3 + 172*y**2 + 2194*y - 2843. Determine t(-158).
1
Let y(q) = -4*q**2 - 125*q - 1349. What is y(-10)?
-499
Let j(w) = 5*w**2 - 42*w - 482. Calculate j(15).
13
Let u(s) = 2*s**3 - 10*s**2 - 21*s + 90. Determine u(3).
-9
Let m(t) = 34*t - 953. Calculate m(28).
-1
Let z(j) = -j**3 + 3*j**2 - 14*j + 110. Calculate z(5).
-10
Let c(x) = 1877*x**2 + 24400*x - 22. Determine c(-13).
-9
Let x(y) = -y**3 - 53*y**2 - 222*y - 14. Calculate x(-4).
90
Let m(g) = -6*g**3 + 21*g**2 - 3. Give m(4).
-51
Let v(m) = m**3 - 7*m**2 + 6*m - 7. Calculate v(4).
-31
Let p(s) = -2*s**2 - 107*s + 790. What is p(-60)?
10
Let i(a) = a**3 - 23*a**2 - 2086*a + 49490. Determine i(24).
2
Let x(a) = -3*a**3 - 3*a**2 + 3*a - 2. What is x(4)?
-230
Let j(b) = 461*b - 541. Give j(1).
-80
Let i(f) = -f**3 - 19*f**2 - 35*f - 3. Give i(-16).
-211
Let y(u) = 123*u - 460. Determine y(4).
32
Let k(b) = -13*b**2 + 347*b - 1071. Calculate k(23).
33
Let j(b) = -86*b + 18. Give j(-4).
362
Let t(n) = -63*n - 1186. What is t(-30)?
704
Let q(g) = -15*g**2 - 60*g - 54. Give q(-1).
-9
Let u(j) = 4*j**3 - 23*j**2 + 22*j - 39. Calculate u(5).
-4
Let o(b) = -b**2 - 14*b + 508. What is o(-31)?
-19
Let c(j) = 3*j**3 + 10*j**2 - 169*j + 2. What is c(6)?
-4
Let g(b) = b**3 + 40*b**2 + 2*b + 99. What is g(-40)?
19
Let m(t) = -1808*t - 1818. Determine m(-1).
-10
Let h(z) = z**2 + 2500*z - 63130. Give h(25).
-5
Let u(j) = -54*j + 2760. Determine u(52).
-48
Let d(b) = -b**2 - 35*b - 34. Give d(-34).
0
Let f(s) = -s**3 - s**2 - 7*s - 40. What is f(-3)?
-1
Let b(d) = d**3 - 16*d**2 + 62*d - 995. Give b(16).
-3
Let i(s) = -7352*s + 51468. What is i(7)?
4
Let x(s) = s**2 - 122*s + 689. Calculate x(6).
-7
Let m(b) = 366*b - 2183. Calculate m(6).
13
Let n(k) = 4*k**2 + 30*k + 12. Determine n(-7).
-2
Let s(h) = -9*h**3 + h**2 + 27*h + 48. Give s(-2).
70
Let b(a) = 2468*a - 64155. Determine b(26).
13
Let g(a) = -a**3 + 18*a**2 - 44*a + 154. What is g(16)?
-38
Let r(x) = -4*x**2 + 8*x + 132. Give r(7).
-8
Let r(v) = 277*v + 1926. What is r(-7)?
-13
Let c(f) = -3*f**2 + 217*f - 98. Calculate c(73).
-244
Let u(q) = q**3 + 18*q**2 + 20*q + 33. Determine u(-17).
-18
Let l(k) = -k**2 - 13*k - 43. What is l(-13)?
-43
Let r(v) = -v**3 + 33*v**2 + 282*v - 86. What is r(40)?
-6
Let p(f) = -10*f**3 + 217*f**2 - 344*f + 87. Give p(20).
7
Let b(p) = p**3 + 12*p**2 - 79*p - 948. Calculate b(-12).
0
Let r(m) = 33*m**3 + 3*m**2 - 2*m. Give r(2).
272
Let s(f) = -3*f**2 + 88*f + 138. Determine s(31).
-17
Let u(m) = 562*m - 43273. Give u(77).
1
Let d(v) = -16*v + 110. Calculate d(7).
-2
Let l(q) = -24*q**2 - 3*q + 6. Give l(1).
-21
Let m(s) = s**3 + 37*s**2 - 40*s - 77. What is m(-38)?
-1
Let w(s) = s**3 + 59*s**2 - 2*s + 1. Determine w(-59).
119
Let g(k) = 2*k**2 + 340*k - 1037. Determine g(-173).
1
Let g(v) = 204*v + 8609. Calculate g(-42).
41
Let f(i) = -80*i + 344. What is f(10)?
-456
Let n(u) = 88*u - 960. Give n(11).
8
Let d(q) = q**2 - 12. Calculate d(-4).
4
Let l(i) = i**3 - 16*i**2 - 33*i - 23. Give l(17).
-295
Let v(g) = -101*g - 693. Give v(-9).
216
Let z(m) = -2*m**3 + 27*m**2 + 32*m + 3. What is z(-1)?
0
Let u(d) = -31*d**3 + 495*d**2 + 14*d + 36. Give u(16).
4
Let m(j) = -j**2 + 45*j + 5. What is m(45)?
5
Let l(p) = 160*p + 161. Determine l(-7).
-959
Let w(b) = 274*b - 1877. Determine w(7).
41
Let u(q) = -43*q - 134. Give u(-9).
253
Let z(r) = -4*r**2 + 135*r - 144. What is z(32)?
80
Let u(p) = -1605*p + 17643. What is u(11)?
-12
Let z(w) = -20*w**2 + 45*w + 13. Calculate z(-2).
-157
Let u(y) = -y**3 + 16*y**2 + 144*y - 128. What is u(-7)?
-9
Let w(z) = 2*z**3 - 9*z**2 + 20*z - 23. Calculate w(6).
205
Let x(q) = -61*q + 9421. Give x(156).
-95
Let q(z) = 7*z**3 - 4*z**2 + 720*z - 720. Determine q(1).
3
Let d(z) = -91*z - 2362. Determine d(-26).
4
Let r(w) = 7*w**2 - 50*w. Determine r(7).
-7
Let g(z) = -7*z**3 + 90*z**2 + 14*z + 23. Calculate g(13).
36
Let m(z) = 33*z**2 - 238*z - 3. Calculate m(7).
-52
Let c(p) = -p**3 + 23*p**2 - 134*p + 115. Give c(8).
3
Let w(x) = -35*x - 539. Determine w(-15).
-14
Let z(t) = 188*t + 25. Determine z(-2).
-351
Let h(r) = -r**3 - 57*r**2 - 70*r + 2194. Calculate h(-55).
-6
Let p(o) = 71*o + 10. What is p(-1)?
-61
Let n(z) = 21*z + 55. Determine n(-10).
-155
Let g(m) = -m**3 + 44*m**2 - 76*m - 330. What is g(42)?
6
Let t(g) = -6*g**2 + 5*g + 68. Give t(6).
-118
Let m(o) = -38*o - 2113. Determine m(-43).
-479
Let n(y) = 2*y**2 - 14*y + 23. Give n(5).
3
Let q(f) = f**3 + 56*f**2 + 109*f + 39. Calculate q(-54).
-15
Let l(z) = -63*z - 10341. Calculate l(-164).
-9
Let o(f) = f**2 - 76*f + 552. Give o(8).
8
Let w(s) = 405*s - 8893. Give w(22).
17
Let n(a) = a**2 + 40*a - 342. Give n(10).
158
Let a(l) = -140*l - 12. Calculate a(0).
-12
Let l(b) = -317*b + 2640. Give l(8).
104
Let m(j) = -28*j**2 - 2*j - 3. Give m(-2).
-111
Let l(b) = -b**3 - 55*b**2 - 61*b - 440. Calculate l(-54).
-62
Let s(i) = -4*i**3 - 519*i**2 + 1729*i + 6. Give s(-133).
6
Let r(g) = 339*g + 664. Give r(-2).
-14
Let j(r) = 22*r**2 - 3*r - 8. Give j(-3).
199
Let y(t) = 2389*t - 26268. What is y(11)?
11
Let g(v) = -125*v + 3493. Determine g(27).
118
Let w(p) = -p**3 - 19*p**2 - 73*p + 124. Give w(-8).
4
Let y(n) = n**3 - 23*n**2 - 285*n - 93. Calculate y(32).
3
Let m(t) = -t**2 + 11*t + 957. Calculate m(36).
57
Let v(u) = u**3 + 26*u**2 + 26*u + 90. Give v(-25).
65
Let z(s) = -568*s + 17603. Determine z(31).
-5
Let q(r) = r**2 + 103*r + 2591. Calculate q(-44).
-5
Let f(q) = -q**3 - 28*q**2 + 96*q + 42. Determine f(-31).
-51
Let t(k) = -k**3 - 71*k**2 - 141*k + 4. What is t(-69)?
211
Let x(g) = 5*g**2 + 53*g + 69. Calculate x(-8).
-35
Let s(q) = 11*q**2 + 786*q + 217. Calculate s(-71).
-138
Let u(f) = 2*f**2 + 5*f - 96. Calculate u(-12).
132
Let w(o) = -4*o**2 + 209*o - 1736. What is w(8)?
-320
Let d(h) = h**3 + 10*h**2 - 44*h - 98. Determine d(-13).
-33
Let u(d) = -d - 10. Determine u(-12).
2
Let s(u) = -12*u**3 + u**2 + 6*u - 12. Determine s(2).
-92
Let w(i) = -206*i - 84. Calculate w(-2).
328
Let n(t) = 2*t**2 + 75*t - 421. Calculate n(-40).
-221
Let q(z) = -10*z - 39. What is q(0)?
-39
Let g(j) = j**2 + 186*j + 2987. Give g(-18).
-37
Let c(n) = 9*n**2 + 16*n + 32. Determine c(-3).
65
Let t(z) = z**3 - 2*z**2 - 14*z + 8. Give t(-5).
-97
Let c(i) = -3*i**3 - 43*i**2 - 15*i + 59. Calculate c(-13).
-422
Let o(y) = -37*y - 1549. Determine o(-39).
-106
Let y(l) = -l**3 - 44*l**2 - 257*l + 69. What is y(-37)?
-5
Let h(j) = -4*j**3 - 228*j**2 + 17*j + 968. Calculate h(-57).
-1
Let a(s) = -310*s + 11151. Give a(36).
-9
Let q(y) = -y**3 - 59*y**2 - 309*y - 36. What is q(-53)?
-513
Let g(q) = -q**3 - 43*q**2 - 283*q - 97. Determine g(-35).
8
Let y(l) = -317*l - 43416. What is y(-137)?
13
Let w(g) = -52*g - 244. Give w(-13).
432
Let h(i) = 3*i**3 + 32*i**2 - 18*i + 358. What is h(-12)?
-2
Let d(m) = -14*m - 1. Give d(10).
-141
Let v(b) = -12*b**3 + 2*b**2 - 4*b + 3. Give v(1).
-11
Let x(j) = -j**3 - 42*j**2 + 1547*j + 64192. What is x(-44)?
-4
Let z(g) = 17*g + 22. Calculate z(-10).
-148
Let l(b) = -10*b**2 - 231*b - 11. What is l(-23)?
12
Let o(g) = g**2 - 40*g - 646. Calculate o(-13).
43
Let m(w) = 9*w**2 + 5*w + 6. Give m(-1).
10
Let x(k) = k**3 + 24*k**2 - 50*k + 830. Calculate x(-27).
-7
Let b(i) = 265*i + 1457. What is b(-5)?
132
Let b(r) = 4*r**3 - 5*r. Give b(4).
236
Let z(x) = 15*x + 625. Calculate z(-42).
-5
Let c(p) = 16*p - 301. Calculate c(13).
-93
Let g(s) = 61*s + 464. Calculate g(-8).
-24
Let a(i) = i**3 + 16*i**2 - 29*i + 2. Determine a(-17).
206
Let n(j) = -112*j + 3526. Determine n(31).
54
Let h(a) = -2*a**3 - 13*a**2 + 15*a + 49. What is h(-7)?
-7
Let w(y) = 12*y**3 + 3*y**2 - 11*y - 32. Give w(-2).
-94
Let j(y) = -y**3 - 15*y**2 - 76*y - 257. Calculate j(-9).
-59
Let v(m) = 96*m - 829. What is v(8)?
-61
Let c(d) = d**3 - 65*d**2 + 155*d + 1798. D